hat is the remainder when 14545740 is divided by 2507?
126
Calculate the remainder when 18089 is divided by 1942.
611
What is the remainder when 11273324 is divided by 669?
5
Calculate the remainder when 5649 is divided by 427.
98
Calculate the remainder when 5629052 is divided by 1876342.
26
Calculate the remainder when 6135133 is divided by 49081.
8
Calculate the remainder when 2639438 is divided by 28.
18
Calculate the remainder when 12718907 is divided by 6359448.
11
What is the remainder when 5993502 is divided by 2996743?
16
What is the remainder when 585490 is divided by 788?
6
What is the remainder when 524520 is divided by 523778?
742
What is the remainder when 11843874 is divided by 43?
40
What is the remainder when 225007 is divided by 184?
159
What is the remainder when 2145997 is divided by 11727?
11683
Calculate the remainder when 22323 is divided by 22234.
89
What is the remainder when 141078260 is divided by 3922?
3920
What is the remainder when 6880609 is divided by 6880562?
47
What is the remainder when 225912 is divided by 18357?
5628
What is the remainder when 200864858 is divided by 406609?
12
Calculate the remainder when 15643148 is divided by 1323.
1319
What is the remainder when 3096155 is divided by 17?
13
What is the remainder when 359459 is divided by 180?
179
Calculate the remainder when 221864 is divided by 4842.
3974
What is the remainder when 824997 is divided by 3966?
69
Calculate the remainder when 22696425 is divided by 3669.
3660
What is the remainder when 7968950 is divided by 7968939?
11
What is the remainder when 385065 is divided by 192505?
55
Calculate the remainder when 713509 is divided by 356750.
9
Calculate the remainder when 1152905 is divided by 288199.
109
Calculate the remainder when 61448742 is divided by 38647.
12
Calculate the remainder when 55196 is divided by 9310.
8646
Calculate the remainder when 143750 is divided by 15972.
2
Calculate the remainder when 526331 is divided by 263159.
13
Calculate the remainder when 3802251 is divided by 110.
101
Calculate the remainder when 12812681 is divided by 337.
278
Calculate the remainder when 34065 is divided by 1056.
273
Calculate the remainder when 166566 is divided by 2582.
1318
What is the remainder when 5325313 is divided by 31698?
49
Calculate the remainder when 134428 is divided by 1827.
1057
Calculate the remainder when 29119659 is divided by 14559794.
71
What is the remainder when 17892567 is divided by 68?
67
What is the remainder when 4005249 is divided by 11476?
125
Calculate the remainder when 24395765 is divided by 9.
5
What is the remainder when 746108 is divided by 43715?
2953
Calculate the remainder when 7300737 is divided by 112319.
2
What is the remainder when 15405277 is divided by 687?
676
Calculate the remainder when 7140527 is divided by 1847.
25
What is the remainder when 7161850 is divided by 420?
10
Calculate the remainder when 44823245 is divided by 28173.
2
Calculate the remainder when 70209878 is divided by 151.
12
Calculate the remainder when 18389972 is divided by 1838997.
2
What is the remainder when 331647 is divided by 163870?
3907
Calculate the remainder when 44306559 is divided by 320.
319
Calculate the remainder when 688632 is divided by 1371.
390
Calculate the remainder when 348622 is divided by 232.
158
Calculate the remainder when 3593620 is divided by 169.
4
Calculate the remainder when 906362 is divided by 3407.
100
Calculate the remainder when 268157874 is divided by 979.
963
What is the remainder when 192587 is divided by 3566?
23
Calculate the remainder when 196169 is divided by 32.
9
What is the remainder when 164337102 is divided by 771?
765
Calculate the remainder when 34914 is divided by 4984.
26
What is the remainder when 61810 is divided by 60849?
961
Calculate the remainder when 1216413 is divided by 331.
319
Calculate the remainder when 3718242 is divided by 161661.
39
Calculate the remainder when 8817852 is divided by 2939253.
93
What is the remainder when 706587 is divided by 4415?
187
Calculate the remainder when 436975 is divided by 6101.
3804
Calculate the remainder when 86701 is divided by 876.
853
Calculate the remainder when 41878307 is divided by 3709.
3697
What is the remainder when 8954030 is divided by 407001?
8
Calculate the remainder when 90988 is divided by 3386.
2952
Calculate the remainder when 1907778 is divided by 95.
83
Calculate the remainder when 23409 is divided by 5832.
81
Calculate the remainder when 4529292 is divided by 4529260.
32
Calculate the remainder when 5421280 is divided by 119.
116
Calculate the remainder when 197864530 is divided by 7863.
7861
What is the remainder when 5511293 is divided by 1552?
141
What is the remainder when 475360 is divided by 157122?
3994
What is the remainder when 723552 is divided by 1801?
1351
Calculate the remainder when 750136 is divided by 62.
60
What is the remainder when 425479680 is divided by 3751?
3750
What is the remainder when 446829 is divided by 446824?
5
What is the remainder when 481796 is divided by 60203?
172
What is the remainder when 19916 is divided by 76?
4
What is the remainder when 3977969 is divided by 568270?
79
Calculate the remainder when 2167775 is divided by 193.
192
What is the remainder when 1574785 is divided by 463?
122
What is the remainder when 854525 is divided by 805?
420
What is the remainder when 4900053 is divided by 1702?
1697
Calculate the remainder when 855152 is divided by 426537.
2078
Calculate the remainder when 26580 is divided by 550.
180
What is the remainder when 2472043 is divided by 1188?
1003
What is the remainder when 63857292 is divided by 178?
148
What is the remainder when 17860164 is divided by 79?
2
What is the remainder when 34093 is divided by 6690?
643
What is the remainder when 6796096 is divided by 3972?
4
Calculate the remainder when 5547027 is divided by 144.
3
Calculate the remainder when 815318 is divided by 74077.
471
What is the remainder when 6312682 is divided by 7661?
18
What is the remainder when 73030 is divided by 18252?
22
Calculate the remainder when 145632 is divided by 6082.
5746
Calculate the remainder when 4329780 is divided by 4062.
3750
Calculate the remainder when 1860200 is divided by 99.
89
Calculate the remainder when 4646068 is divided by 41.
30
What is the remainder when 201595 is divided by 15493?
186
Calculate the remainder when 5484 is divided by 168.
108
What is the remainder when 10302643 is divided by 447941?
0
What is the remainder when 487547 is divided by 15726?
41
What is the remainder when 1315735 is divided by 121?
102
What is the remainder when 18386 is divided by 8730?
926
What is the remainder when 524868 is divided by 524668?
200
What is the remainder when 158945 is divided by 39734?
9
Calculate the remainder when 24264191 is divided by 65.
16
What is the remainder when 2955998 is divided by 37897?
32
What is the remainder when 13190151 is divided by 2019?
24
Calculate the remainder when 2618104 is divided by 184.
152
What is the remainder when 11898215 is divided by 2289?
2282
What is the remainder when 2228863 is divided by 2228848?
15
Calculate the remainder when 56632124 is divided by 6133.
2
What is the remainder when 1747989 is divided by 3237?
9
What is the remainder when 1653677 is divided by 88?
69
Calculate the remainder when 1855433 is divided by 2474.
2407
Calculate the remainder when 9613452 is divided by 3827.
28
Calculate the remainder when 1410143 is divided by 339.
242
What is the remainder when 831193 is divided by 7922?
7305
Calculate the remainder when 1389811 is divided by 1493.
1321
What is the remainder when 7115313 is divided by 2107?
2081
What is the remainder when 711595 is divided by 894?
865
What is the remainder when 16679663 is divided by 16?
15
Calculate the remainder when 117550590 is divided by 32.
30
Calculate the remainder when 37206619 is divided by 182.
177
What is the remainder when 21602130 is divided by 21?
18
Calculate the remainder when 520871 is divided by 147.
50
Calculate the remainder when 1157185 is divided by 24.
1
What is the remainder when 924867 is divided by 238?
237
Calculate the remainder when 845204 is divided by 38414.
96
What is the remainder when 7962285 is divided by 88